{"id":1566,"date":"2012-12-27T15:14:37","date_gmt":"2012-12-27T15:14:37","guid":{"rendered":"https:\/\/www.peterlindberg.com\/wp\/?page_id=1566"},"modified":"2013-02-21T13:18:50","modified_gmt":"2013-02-21T13:18:50","slug":"reklamfoto","status":"publish","type":"page","link":"https:\/\/www.peterlindberg.com\/index.php\/reklamfoto\/","title":{"rendered":"Commercial Work"},"content":{"rendered":"\n\t\t<style type=\"text\/css\">\n\t\t\t#gallery-1 {\n\t\t\t\tmargin: auto;\n\t\t\t}\n\t\t\t#gallery-1 .gallery-item {\n\t\t\t\tfloat: left;\n\t\t\t\tmargin-top: 10px;\n\t\t\t\ttext-align: center;\n\t\t\t\twidth: 25%;\n\t\t\t}\n\t\t\t#gallery-1 img {\n\t\t\t\tborder: 2px solid #cfcfcf;\n\t\t\t}\n\t\t\t#gallery-1 .gallery-caption {\n\t\t\t\tmargin-left: 0;\n\t\t\t}\n\t\t\t\/* see gallery_shortcode() in wp-includes\/media.php *\/\n\t\t<\/style>\n\t\t<div data-carousel-extra='{&quot;blog_id&quot;:1,&quot;permalink&quot;:&quot;https:\/\/www.peterlindberg.com\/index.php\/reklamfoto\/&quot;}' id='gallery-1' class='gallery galleryid-1566 gallery-columns-4 gallery-size-thumbnail'><dl class='gallery-item'>\n\t\t\t<dt class='gallery-icon landscape'>\n\t\t\t\t<a href='https:\/\/www.peterlindberg.com\/wp-content\/uploads\/2013\/01\/DSC4005.jpg'><img loading=\"lazy\" decoding=\"async\" width=\"150\" height=\"150\" src=\"https:\/\/www.peterlindberg.com\/wp-content\/uploads\/2013\/01\/DSC4005-150x150.jpg\" class=\"attachment-thumbnail size-thumbnail\" alt=\"Reklamfoto - Fotograf Peter Lindberg\" aria-describedby=\"gallery-1-1741\" data-attachment-id=\"1741\" data-permalink=\"https:\/\/www.peterlindberg.com\/peter-lindberg-for-annalisa-foto-14\/\" data-orig-file=\"https:\/\/www.peterlindberg.com\/wp-content\/uploads\/2013\/01\/DSC4005.jpg\" data-orig-size=\"1280,684\" data-comments-opened=\"0\" data-image-meta=\"{&quot;aperture&quot;:&quot;8&quot;,&quot;credit&quot;:&quot;Peter Lindberg f\\u00f6r AnnanLisa Foto AB&quot;,&quot;camera&quot;:&quot;NIKON D7000&quot;,&quot;caption&quot;:&quot;&quot;,&quot;created_timestamp&quot;:&quot;1307714638&quot;,&quot;copyright&quot;:&quot;\\u00a9Peter Lindberg\/AnnaLisa Foto&quot;,&quot;focal_length&quot;:&quot;24&quot;,&quot;iso&quot;:&quot;200&quot;,&quot;shutter_speed&quot;:&quot;0.00625&quot;,&quot;title&quot;:&quot;Peter Lindberg f\\u00f6r AnnaLisa Foto&quot;}\" data-image-title=\"\u00a9 Peter Lindberg Photography\" data-image-description=\"&lt;p&gt;Volvo FE Hybrid, Volvo DME &lt;\/p&gt;\n\" data-image-caption=\"&lt;p&gt;The line-up &amp;#8211; Volvo VDC&lt;\/p&gt;\n\" data-large-file=\"https:\/\/www.peterlindberg.com\/wp-content\/uploads\/2013\/01\/DSC4005-940x502.jpg\" \/><\/a>\n\t\t\t<\/dt>\n\t\t\t\t<dd class='wp-caption-text gallery-caption' id='gallery-1-1741'>\n\t\t\t\tThe line-up &#8211; Volvo VDC\n\t\t\t\t<\/dd><\/dl><dl class='gallery-item'>\n\t\t\t<dt class='gallery-icon landscape'>\n\t\t\t\t<a href='https:\/\/www.peterlindberg.com\/wp-content\/uploads\/2013\/01\/DSC3644.jpg'><img loading=\"lazy\" decoding=\"async\" width=\"150\" height=\"150\" src=\"https:\/\/www.peterlindberg.com\/wp-content\/uploads\/2013\/01\/DSC3644-150x150.jpg\" class=\"attachment-thumbnail size-thumbnail\" alt=\"Reklamfoto - Fotograf Peter Lindberg\" aria-describedby=\"gallery-1-1730\" data-attachment-id=\"1730\" data-permalink=\"https:\/\/www.peterlindberg.com\/peter-lindberg-for-annalisa-foto-3\/\" data-orig-file=\"https:\/\/www.peterlindberg.com\/wp-content\/uploads\/2013\/01\/DSC3644.jpg\" data-orig-size=\"1280,848\" data-comments-opened=\"0\" data-image-meta=\"{&quot;aperture&quot;:&quot;8&quot;,&quot;credit&quot;:&quot;Peter Lindberg f\\u00f6r AnnanLisa Foto AB&quot;,&quot;camera&quot;:&quot;NIKON D7000&quot;,&quot;caption&quot;:&quot;&quot;,&quot;created_timestamp&quot;:&quot;1307696722&quot;,&quot;copyright&quot;:&quot;\\u00a9Peter Lindberg\/AnnaLisa Foto&quot;,&quot;focal_length&quot;:&quot;13&quot;,&quot;iso&quot;:&quot;100&quot;,&quot;shutter_speed&quot;:&quot;0.02&quot;,&quot;title&quot;:&quot;Peter Lindberg f\\u00f6r AnnaLisa Foto&quot;}\" data-image-title=\"Peter Lindberg f\u00f6r AnnaLisa Foto\" data-image-description=\"\" data-image-caption=\"&lt;p&gt;Volvo VDC Pressbild&lt;\/p&gt;\n\" data-large-file=\"https:\/\/www.peterlindberg.com\/wp-content\/uploads\/2013\/01\/DSC3644-940x622.jpg\" \/><\/a>\n\t\t\t<\/dt>\n\t\t\t\t<dd class='wp-caption-text gallery-caption' id='gallery-1-1730'>\n\t\t\t\tVolvo VDC Pressbild\n\t\t\t\t<\/dd><\/dl><dl class='gallery-item'>\n\t\t\t<dt class='gallery-icon landscape'>\n\t\t\t\t<a href='https:\/\/www.peterlindberg.com\/wp-content\/uploads\/2013\/01\/DSC3794.jpg'><img loading=\"lazy\" decoding=\"async\" width=\"150\" height=\"150\" src=\"https:\/\/www.peterlindberg.com\/wp-content\/uploads\/2013\/01\/DSC3794-150x150.jpg\" class=\"attachment-thumbnail size-thumbnail\" alt=\"Reklamfoto - Fotograf Peter Lindberg\" aria-describedby=\"gallery-1-1733\" data-attachment-id=\"1733\" data-permalink=\"https:\/\/www.peterlindberg.com\/peter-lindberg-for-annalisa-foto-6\/\" data-orig-file=\"https:\/\/www.peterlindberg.com\/wp-content\/uploads\/2013\/01\/DSC3794.jpg\" data-orig-size=\"1280,848\" data-comments-opened=\"0\" data-image-meta=\"{&quot;aperture&quot;:&quot;5.6&quot;,&quot;credit&quot;:&quot;Peter Lindberg f\\u00f6r AnnanLisa Foto AB&quot;,&quot;camera&quot;:&quot;NIKON D7000&quot;,&quot;caption&quot;:&quot;&quot;,&quot;created_timestamp&quot;:&quot;1307701016&quot;,&quot;copyright&quot;:&quot;\\u00a9Peter Lindberg\/AnnaLisa Foto&quot;,&quot;focal_length&quot;:&quot;50&quot;,&quot;iso&quot;:&quot;200&quot;,&quot;shutter_speed&quot;:&quot;0.004&quot;,&quot;title&quot;:&quot;Peter Lindberg f\\u00f6r AnnaLisa Foto&quot;}\" data-image-title=\"\u00a9 Peter Lindberg Photography\" data-image-description=\"&lt;p&gt;Volvo FE Hybrid&lt;\/p&gt;\n\" data-image-caption=\"&lt;p&gt;Hybrid: Volvo Hybrid trucks&lt;\/p&gt;\n\" data-large-file=\"https:\/\/www.peterlindberg.com\/wp-content\/uploads\/2013\/01\/DSC3794-940x622.jpg\" \/><\/a>\n\t\t\t<\/dt>\n\t\t\t\t<dd class='wp-caption-text gallery-caption' id='gallery-1-1733'>\n\t\t\t\tHybrid: Volvo Hybrid trucks\n\t\t\t\t<\/dd><\/dl><dl class='gallery-item'>\n\t\t\t<dt class='gallery-icon landscape'>\n\t\t\t\t<a href='https:\/\/www.peterlindberg.com\/wp-content\/uploads\/2013\/01\/DSC3878.jpg'><img loading=\"lazy\" decoding=\"async\" width=\"150\" height=\"150\" src=\"https:\/\/www.peterlindberg.com\/wp-content\/uploads\/2013\/01\/DSC3878-150x150.jpg\" class=\"attachment-thumbnail size-thumbnail\" alt=\"Reklamfoto - Fotograf Peter Lindberg\" aria-describedby=\"gallery-1-1736\" data-attachment-id=\"1736\" data-permalink=\"https:\/\/www.peterlindberg.com\/peter-lindberg-for-annalisa-foto-9\/\" data-orig-file=\"https:\/\/www.peterlindberg.com\/wp-content\/uploads\/2013\/01\/DSC3878.jpg\" data-orig-size=\"1280,848\" data-comments-opened=\"0\" data-image-meta=\"{&quot;aperture&quot;:&quot;5.6&quot;,&quot;credit&quot;:&quot;Peter Lindberg f\\u00f6r AnnanLisa Foto AB&quot;,&quot;camera&quot;:&quot;NIKON D7000&quot;,&quot;caption&quot;:&quot;&quot;,&quot;created_timestamp&quot;:&quot;1307706470&quot;,&quot;copyright&quot;:&quot;\\u00a9Peter Lindberg\/AnnaLisa Foto&quot;,&quot;focal_length&quot;:&quot;21&quot;,&quot;iso&quot;:&quot;200&quot;,&quot;shutter_speed&quot;:&quot;0.002&quot;,&quot;title&quot;:&quot;Peter Lindberg f\\u00f6r AnnaLisa Foto&quot;}\" data-image-title=\"\u00a9 Peter Lindberg Photography\" data-image-description=\"\" data-image-caption=\"&lt;p&gt;Volvo VDC &amp;#8211; For long and medium distance hauls &amp;#8211; DME&lt;\/p&gt;\n\" data-large-file=\"https:\/\/www.peterlindberg.com\/wp-content\/uploads\/2013\/01\/DSC3878-940x622.jpg\" \/><\/a>\n\t\t\t<\/dt>\n\t\t\t\t<dd class='wp-caption-text gallery-caption' id='gallery-1-1736'>\n\t\t\t\tVolvo VDC &#8211; For long and medium distance hauls &#8211; DME\n\t\t\t\t<\/dd><\/dl><br style=\"clear: both\" \/><dl class='gallery-item'>\n\t\t\t<dt class='gallery-icon landscape'>\n\t\t\t\t<a href='https:\/\/www.peterlindberg.com\/wp-content\/uploads\/2013\/01\/DSC4063.jpg'><img loading=\"lazy\" decoding=\"async\" width=\"150\" height=\"150\" src=\"https:\/\/www.peterlindberg.com\/wp-content\/uploads\/2013\/01\/DSC4063-150x150.jpg\" class=\"attachment-thumbnail size-thumbnail\" alt=\"Reklamfoto - Fotograf Peter Lindberg\" aria-describedby=\"gallery-1-1743\" data-attachment-id=\"1743\" data-permalink=\"https:\/\/www.peterlindberg.com\/peter-lindberg-for-annalisa-foto-16\/\" data-orig-file=\"https:\/\/www.peterlindberg.com\/wp-content\/uploads\/2013\/01\/DSC4063.jpg\" data-orig-size=\"1280,848\" data-comments-opened=\"0\" data-image-meta=\"{&quot;aperture&quot;:&quot;7.1&quot;,&quot;credit&quot;:&quot;Peter Lindberg f\\u00f6r AnnanLisa Foto AB&quot;,&quot;camera&quot;:&quot;NIKON D7000&quot;,&quot;caption&quot;:&quot;&quot;,&quot;created_timestamp&quot;:&quot;1307717417&quot;,&quot;copyright&quot;:&quot;\\u00a9Peter Lindberg\/AnnaLisa Foto&quot;,&quot;focal_length&quot;:&quot;44&quot;,&quot;iso&quot;:&quot;200&quot;,&quot;shutter_speed&quot;:&quot;0.005&quot;,&quot;title&quot;:&quot;Peter Lindberg f\\u00f6r AnnaLisa Foto&quot;}\" data-image-title=\"\u00a9 Peter Lindberg Photography\" data-image-description=\"&lt;p&gt;redaktionell Bild, Volvo Ocean race&lt;\/p&gt;\n\" data-image-caption=\"&lt;p&gt;Volvo Pressbild&lt;\/p&gt;\n\" data-large-file=\"https:\/\/www.peterlindberg.com\/wp-content\/uploads\/2013\/01\/DSC4063-940x622.jpg\" \/><\/a>\n\t\t\t<\/dt>\n\t\t\t\t<dd class='wp-caption-text gallery-caption' id='gallery-1-1743'>\n\t\t\t\tVolvo Pressbild\n\t\t\t\t<\/dd><\/dl><dl class='gallery-item'>\n\t\t\t<dt class='gallery-icon landscape'>\n\t\t\t\t<a href='https:\/\/www.peterlindberg.com\/wp-content\/uploads\/2013\/01\/DSC3726.jpg'><img loading=\"lazy\" decoding=\"async\" width=\"150\" height=\"150\" src=\"https:\/\/www.peterlindberg.com\/wp-content\/uploads\/2013\/01\/DSC3726-150x150.jpg\" class=\"attachment-thumbnail size-thumbnail\" alt=\"Reklamfoto - Fotograf Peter Lindberg\" aria-describedby=\"gallery-1-1731\" data-attachment-id=\"1731\" data-permalink=\"https:\/\/www.peterlindberg.com\/peter-lindberg-for-annalisa-foto-4\/\" data-orig-file=\"https:\/\/www.peterlindberg.com\/wp-content\/uploads\/2013\/01\/DSC3726.jpg\" data-orig-size=\"1280,847\" data-comments-opened=\"0\" data-image-meta=\"{&quot;aperture&quot;:&quot;8&quot;,&quot;credit&quot;:&quot;Peter Lindberg f\\u00f6r AnnanLisa Foto AB&quot;,&quot;camera&quot;:&quot;NIKON D7000&quot;,&quot;caption&quot;:&quot;&quot;,&quot;created_timestamp&quot;:&quot;1307698940&quot;,&quot;copyright&quot;:&quot;\\u00a9Peter Lindberg\/AnnaLisa Foto&quot;,&quot;focal_length&quot;:&quot;32&quot;,&quot;iso&quot;:&quot;200&quot;,&quot;shutter_speed&quot;:&quot;0.005&quot;,&quot;title&quot;:&quot;Peter Lindberg f\\u00f6r AnnaLisa Foto&quot;}\" data-image-title=\"\u00a9 Peter Lindberg Photography\" data-image-description=\"&lt;p&gt;Volvo DME truck&lt;\/p&gt;\n\" data-image-caption=\"&lt;p&gt;Volvo VDC &amp;#8211; The new DME-truck&lt;\/p&gt;\n\" data-large-file=\"https:\/\/www.peterlindberg.com\/wp-content\/uploads\/2013\/01\/DSC3726-940x622.jpg\" \/><\/a>\n\t\t\t<\/dt>\n\t\t\t\t<dd class='wp-caption-text gallery-caption' id='gallery-1-1731'>\n\t\t\t\tVolvo VDC &#8211; The new DME-truck\n\t\t\t\t<\/dd><\/dl><dl class='gallery-item'>\n\t\t\t<dt class='gallery-icon landscape'>\n\t\t\t\t<a href='https:\/\/www.peterlindberg.com\/wp-content\/uploads\/2013\/01\/DSC3804.jpg'><img loading=\"lazy\" decoding=\"async\" width=\"150\" height=\"150\" src=\"https:\/\/www.peterlindberg.com\/wp-content\/uploads\/2013\/01\/DSC3804-150x150.jpg\" class=\"attachment-thumbnail size-thumbnail\" alt=\"Reklamfoto - Fotograf Peter Lindberg\" aria-describedby=\"gallery-1-1734\" data-attachment-id=\"1734\" data-permalink=\"https:\/\/www.peterlindberg.com\/peter-lindberg-for-annalisa-foto-7\/\" data-orig-file=\"https:\/\/www.peterlindberg.com\/wp-content\/uploads\/2013\/01\/DSC3804.jpg\" data-orig-size=\"1280,848\" data-comments-opened=\"0\" data-image-meta=\"{&quot;aperture&quot;:&quot;5.6&quot;,&quot;credit&quot;:&quot;Peter Lindberg f\\u00f6r AnnanLisa Foto AB&quot;,&quot;camera&quot;:&quot;NIKON D7000&quot;,&quot;caption&quot;:&quot;&quot;,&quot;created_timestamp&quot;:&quot;1307701208&quot;,&quot;copyright&quot;:&quot;\\u00a9Peter Lindberg\/AnnaLisa Foto&quot;,&quot;focal_length&quot;:&quot;28&quot;,&quot;iso&quot;:&quot;200&quot;,&quot;shutter_speed&quot;:&quot;0.005&quot;,&quot;title&quot;:&quot;Peter Lindberg f\\u00f6r AnnaLisa Foto&quot;}\" data-image-title=\"\u00a9 Peter Lindberg Photography\" data-image-description=\"&lt;p&gt;Volvo FE Hybrid&lt;\/p&gt;\n\" data-image-caption=\"&lt;p&gt;Volvo VDC&lt;\/p&gt;\n\" data-large-file=\"https:\/\/www.peterlindberg.com\/wp-content\/uploads\/2013\/01\/DSC3804-940x622.jpg\" \/><\/a>\n\t\t\t<\/dt>\n\t\t\t\t<dd class='wp-caption-text gallery-caption' id='gallery-1-1734'>\n\t\t\t\tVolvo VDC\n\t\t\t\t<\/dd><\/dl><dl class='gallery-item'>\n\t\t\t<dt class='gallery-icon landscape'>\n\t\t\t\t<a href='https:\/\/www.peterlindberg.com\/wp-content\/uploads\/2013\/01\/DSC3629.jpg'><img loading=\"lazy\" decoding=\"async\" width=\"150\" height=\"150\" src=\"https:\/\/www.peterlindberg.com\/wp-content\/uploads\/2013\/01\/DSC3629-150x150.jpg\" class=\"attachment-thumbnail size-thumbnail\" alt=\"Reklamfoto - Fotograf Peter Lindberg\" aria-describedby=\"gallery-1-1728\" data-attachment-id=\"1728\" data-permalink=\"https:\/\/www.peterlindberg.com\/peter-lindberg-for-annalisa-foto\/\" data-orig-file=\"https:\/\/www.peterlindberg.com\/wp-content\/uploads\/2013\/01\/DSC3629.jpg\" data-orig-size=\"1280,848\" data-comments-opened=\"0\" data-image-meta=\"{&quot;aperture&quot;:&quot;9&quot;,&quot;credit&quot;:&quot;Peter Lindberg f\\u00f6r AnnanLisa Foto AB&quot;,&quot;camera&quot;:&quot;NIKON D7000&quot;,&quot;caption&quot;:&quot;&quot;,&quot;created_timestamp&quot;:&quot;1307694510&quot;,&quot;copyright&quot;:&quot;\\u00a9Peter Lindberg\/AnnaLisa Foto&quot;,&quot;focal_length&quot;:&quot;24&quot;,&quot;iso&quot;:&quot;400&quot;,&quot;shutter_speed&quot;:&quot;0.025&quot;,&quot;title&quot;:&quot;Peter Lindberg f\\u00f6r AnnaLisa Foto&quot;}\" data-image-title=\"DME: It drives like any regular diesel! &amp;#8211; \u00a9 Peter Lindberg Photography\" data-image-description=\"&lt;p&gt;Volvo DME: It drives like any regular diesel! &amp;#8211; Fotograf Peter Lindberg&lt;\/p&gt;\n\" data-image-caption=\"&lt;p&gt;Volvo VDC&lt;\/p&gt;\n\" data-large-file=\"https:\/\/www.peterlindberg.com\/wp-content\/uploads\/2013\/01\/DSC3629-940x622.jpg\" \/><\/a>\n\t\t\t<\/dt>\n\t\t\t\t<dd class='wp-caption-text gallery-caption' id='gallery-1-1728'>\n\t\t\t\tVolvo VDC\n\t\t\t\t<\/dd><\/dl><br style=\"clear: both\" \/><dl class='gallery-item'>\n\t\t\t<dt class='gallery-icon landscape'>\n\t\t\t\t<a href='https:\/\/www.peterlindberg.com\/wp-content\/uploads\/2012\/12\/DSC_0898.jpg'><img loading=\"lazy\" decoding=\"async\" width=\"150\" height=\"150\" src=\"https:\/\/www.peterlindberg.com\/wp-content\/uploads\/2012\/12\/DSC_0898-150x150.jpg\" class=\"attachment-thumbnail size-thumbnail\" alt=\"Citron med skugga: Reklamfoto - Fotograf Peter Lindberg\" aria-describedby=\"gallery-1-2583\" data-attachment-id=\"2583\" data-permalink=\"https:\/\/www.peterlindberg.com\/index.php\/reklamfoto\/dsc_0898\/\" data-orig-file=\"https:\/\/www.peterlindberg.com\/wp-content\/uploads\/2012\/12\/DSC_0898.jpg\" data-orig-size=\"1280,857\" data-comments-opened=\"0\" data-image-meta=\"{&quot;aperture&quot;:&quot;0&quot;,&quot;credit&quot;:&quot;&quot;,&quot;camera&quot;:&quot;&quot;,&quot;caption&quot;:&quot;&quot;,&quot;created_timestamp&quot;:&quot;0&quot;,&quot;copyright&quot;:&quot;Peter Lindberg&quot;,&quot;focal_length&quot;:&quot;0&quot;,&quot;iso&quot;:&quot;0&quot;,&quot;shutter_speed&quot;:&quot;0&quot;,&quot;title&quot;:&quot;&quot;}\" data-image-title=\"Citron med skugga &amp;#8211; Fotograf Peter Lindberg\" data-image-description=\"&lt;p&gt;Citron med skugga &amp;#8211; Fotograf Peter Lindberg glasskiva tabletop&lt;\/p&gt;\n\" data-image-caption=\"&lt;p&gt;Citron med skugga&lt;\/p&gt;\n\" data-large-file=\"https:\/\/www.peterlindberg.com\/wp-content\/uploads\/2012\/12\/DSC_0898-940x629.jpg\" \/><\/a>\n\t\t\t<\/dt>\n\t\t\t\t<dd class='wp-caption-text gallery-caption' id='gallery-1-2583'>\n\t\t\t\tCitron med skugga\n\t\t\t\t<\/dd><\/dl>\n\t\t\t<br style='clear: both' \/>\n\t\t<\/div>\n\n<h2><span style=\"color: #c0c0c0;\">Reklamfoto och annan kommersiell fotografi<\/span><\/h2>\n<p><span style=\"color: #c0c0c0;\">Kommersiell fotografi kan delas in i m\u00e5nga olika underkatergorier. Reklamfoto \u00e4r v\u00e4l det man t\u00e4nker p\u00e5 f\u00f6rst, sedan produktfoto och mode. Modefotografi har jag ett eget galleri f\u00f6r eftersom det \u00e4r n\u00e5got jag brinner extra mycket f\u00f6r. Andra kommersiella bilder \u00e4r eventbilder, bilder fr\u00e5n pressvisingar, styrelseportr\u00e4tt och gruppbilder av styrelser.<\/span><\/p>\n<p><span style=\"color: #c0c0c0;\">N\u00e4r det g\u00e4ller reklam och reklamfoto s\u00e5 b\u00f6rjar resan mot ett framg\u00e5ngsrikt resultat n\u00e5gonstans redan n\u00e4r byr\u00e5n vunnit pitchen. Redan i det l\u00e4get, n\u00e4r man b\u00f6rjar utforma kampanjen och kundens profil och framtoning b\u00f6r man b\u00f6rja fundera p\u00e5 vilken fotograf man ska ha, och hur man ska samarbeta. Och man b\u00f6r l\u00e5ta denne vara med fr\u00e5n ett tidigt skede, g\u00e4rna n\u00e4r id\u00e9erna ska spottas ut. En bra fotograf \u00e4r en bra kreat\u00f6r och har dessutom insikt i vad som \u00e4r praktiskt m\u00f6jligt till en viss budget. Att betala fotografen f\u00e5r n\u00e5gra timmars m\u00f6ten och en halvdags funderande \u00e4r pengar man har igen m\u00e5nga g\u00e5nger om. F\u00f6r \u00e4ven n\u00e4r fotografen inte jobbar aktivt p\u00e5 ert projekt s\u00e5 bearbetas saker och ting i bakhuvudet, vilket leder till fler och b\u00e4ttre id\u00e9er och bildl\u00f6sningar.<\/span><\/p>\n<p><span style=\"color: #c0c0c0;\">F\u00f6r \u00f6vrig kommersiell fotografi g\u00e4ller egentligen mycket av det som precis sagts som reklamfotografi. Planering och kommunikation leder till b\u00e4ttre resultat. Event och pressvisningar kan till exempel planeras fotov\u00e4nliga utan att det p\u00e5verkar eventet som s\u00e5dant negativt. Snarare kan man som bes\u00f6kare uppleva ett s\u00e5dant event som trevligare iom ett mer avslappnat m\u00f6te med bildskaparen.<\/span><\/p>\n<p><span style=\"color: #c0c0c0;\">F\u00f6r produktbilder tycker jag att man ska \u00f6verv\u00e4ga n\u00e5gra olika saker: \u00c4r det en bild som tas b\u00e4st i studio eller i en milj\u00f6 d\u00e4r produkten samverkar med omgivningen? \u00c4r det stora volymer och b\u00e4ttre att fotografen kommer till er? Finns det f\u00f6rdelar att ta produktbilder som involverar m\u00e4nniskor? F\u00f6r just n\u00e4r det g\u00e4ller produktbilder \u00e4r kunden ofta inte en professionell bildk\u00f6pare (reklambyr\u00e5-m\u00e4nniska eller motsvarande) utan kanske den person p\u00e5 ett f\u00f6retag som har ansvar f\u00f6r produktkatalogen eller kanske webplats \/ webshop. Oavsett vad man v\u00e4ljer \u00e4r det viktigt att produktbilden \u00e4r snygg, f\u00f6r snygga produktbilder s\u00e4ljer produkten, och f\u00e5r ert f\u00f6retag att framst\u00e5 mer professionellt. Och bilderna ska vara enhetliga i stil och utformning. Produktbilder \u00e4r ocks\u00e5 en sorts reklamfoto!<\/span><\/p>\n","protected":false},"excerpt":{"rendered":"<p>Reklamfoto och annan kommersiell fotografi Kommersiell fotografi kan delas in i m\u00e5nga olika underkatergorier. Reklamfoto \u00e4r v\u00e4l det man t\u00e4nker p\u00e5 f\u00f6rst, sedan produktfoto och mode. Modefotografi har jag ett eget galleri f\u00f6r eftersom det \u00e4r n\u00e5got jag brinner extra mycket f\u00f6r. Andra kommersiella bilder \u00e4r eventbilder, bilder fr\u00e5n pressvisingar, styrelseportr\u00e4tt och gruppbilder av styrelser. [&hellip;]<\/p>\n","protected":false},"author":4,"featured_media":0,"parent":0,"menu_order":0,"comment_status":"closed","ping_status":"open","template":"","meta":{"saved_in_kubio":false,"jetpack_post_was_ever_published":false,"footnotes":""},"class_list":["post-1566","page","type-page","status-publish","hentry"],"kubio_ai_page_context":{"short_desc":"","purpose":"general"},"jetpack_shortlink":"https:\/\/wp.me\/P30GIn-pg","jetpack_sharing_enabled":true,"jetpack_likes_enabled":true,"_links":{"self":[{"href":"https:\/\/www.peterlindberg.com\/index.php\/wp-json\/wp\/v2\/pages\/1566","targetHints":{"allow":["GET"]}}],"collection":[{"href":"https:\/\/www.peterlindberg.com\/index.php\/wp-json\/wp\/v2\/pages"}],"about":[{"href":"https:\/\/www.peterlindberg.com\/index.php\/wp-json\/wp\/v2\/types\/page"}],"author":[{"embeddable":true,"href":"https:\/\/www.peterlindberg.com\/index.php\/wp-json\/wp\/v2\/users\/4"}],"replies":[{"embeddable":true,"href":"https:\/\/www.peterlindberg.com\/index.php\/wp-json\/wp\/v2\/comments?post=1566"}],"version-history":[{"count":0,"href":"https:\/\/www.peterlindberg.com\/index.php\/wp-json\/wp\/v2\/pages\/1566\/revisions"}],"wp:attachment":[{"href":"https:\/\/www.peterlindberg.com\/index.php\/wp-json\/wp\/v2\/media?parent=1566"}],"curies":[{"name":"wp","href":"https:\/\/api.w.org\/{rel}","templated":true}]}}